{"id":187,"date":"2025-11-19T03:15:34","date_gmt":"2025-11-19T03:15:34","guid":{"rendered":"https:\/\/kinghl.com\/?page_id=187"},"modified":"2025-11-28T03:55:39","modified_gmt":"2025-11-28T03:55:39","slug":"tin-tuc","status":"publish","type":"page","link":"https:\/\/kinghl.com\/?page_id=187","title":{"rendered":"Tin t\u1ee9c"},"content":{"rendered":"\n<div class=\"wp-block-query is-layout-flow wp-block-query-is-layout-flow\"><ul class=\"wp-block-post-template is-layout-flow wp-block-post-template-is-layout-flow\"><li class=\"wp-block-post post-492 post type-post status-publish format-standard has-post-thumbnail hentry category-xpenology\">\n<h2 class=\"wp-block-post-title\">Th\u00eam 60 License Camera v\u00e0o XPENOLOGY DSM 7.2.2 Phi\u00ean b\u1ea3n m\u1edbi nh\u1ea5t<\/h2>\n\n<div class=\"wp-block-post-date\"><time datetime=\"2026-03-30T05:43:38+00:00\">March 30, 2026<\/time><\/div>\n\n<div class=\"wp-block-post-excerpt\"><p class=\"wp-block-post-excerpt__excerpt\">Link t\u1ea3i Surveillance t\u1eeb Synology:\u00a0https:\/\/archive.synology.com\/download\/Package\/SurveillanceStation Link t\u1ea3i Surveillance 9.2.3 t\u1eeb Synology: https:\/\/global.synologydownload.com\/download\/Package\/spk\/SurveillanceStation\/9.2.3-11755\/SurveillanceStation-x86_64-9.2.3-11755.spk AE t\u1ea3i v\u1ec1 ch\u1ecdn Manual \u0111\u1ec3 c\u00e1i \u0111\u1eb7t trong Package Center Do ch\u01b0a c\u00f3 tgian vi\u1ebft b\u00e0i HD chi ti\u1ebft, n\u00ean m\u00ecnh ch\u1ec9 vi\u1ebft ng\u1eafn g\u1ecdn: B1: Truy c\u1eadp SSH quy\u1ec1n Root:\u00a0 B2: Copy d\u00f2ng l\u1ec7nh d\u01b0\u1edbi \u0111\u00e2y: &gt;&gt; Enter curl -fsSL https:\/\/raw.githubusercontent.com\/ohyeah521\/Surveillance-Station\/main\/activated.sh&hellip; <\/p><\/div>\n<\/li><li class=\"wp-block-post post-482 post type-post status-publish format-standard has-post-thumbnail hentry category-nas\">\n<h2 class=\"wp-block-post-title\">S\u1eed d\u1ee5ng Tailscale v\u1edbi Synology NAS<\/h2>\n\n<div class=\"wp-block-post-date\"><time datetime=\"2026-02-04T08:54:54+00:00\">February 4, 2026<\/time><\/div>\n\n<div class=\"wp-block-post-excerpt\"><p class=\"wp-block-post-excerpt__excerpt\">VPN l\u00e0 1 gi\u1ea3i ph\u00e1p \u0111\u1ec3 k\u1ebft n\u1ed1i t\u1eeb b\u00ean ngo\u00e0i internet v\u00e0o trong m\u1ea1ng n\u1ed9i b\u1ed9 c\u00e1ch an to\u00e0n. B\u1ea3n th\u00e2n Synology NAS c\u0169ng \u0111\u00e3 c\u00f3 gi\u1ea3i ph\u00e1p VPN g\u1ecdi l\u00e0 VPN server, \u0111\u1ec3 c\u00e1c b\u1ea1n c\u00f3 th\u1ec3 c\u1ea5u h\u00ecnh VPN truy\u1ec1n th\u1ed1ng \u1edf tr\u00ean Synology NAS. M\u00ecnh c\u0169ng \u0111\u00e3 t\u1eebng c\u00f3 b\u00e0i h\u01b0\u1edbng&hellip; <\/p><\/div>\n<\/li><li class=\"wp-block-post post-464 post type-post status-publish format-standard has-post-thumbnail hentry category-hardware\">\n<h2 class=\"wp-block-post-title\">iDRAC vs iLO \u2013 So S\u00e1nh N\u1ec1n T\u1ea3ng Qu\u1ea3n Tr\u1ecb Server T\u1eeb Xa Trong V\u1eadn H\u00e0nh H\u1ea1 T\u1ea7ng Doanh Nghi\u1ec7p<\/h2>\n\n<div class=\"wp-block-post-date\"><time datetime=\"2025-12-29T06:58:11+00:00\">December 29, 2025<\/time><\/div>\n\n<div class=\"wp-block-post-excerpt\"><p class=\"wp-block-post-excerpt__excerpt\">Trong c\u00e1c h\u1ec7 th\u1ed1ng\u00a0m\u00e1y ch\u1ee7 server\u00a0hi\u1ec7n\u00a0\u0111\u1ea1i, qu\u1ea3n tr\u1ecb t\u1eeb xa \u1edf t\u1ea7ng ph\u1ea7n c\u1ee9ng kh\u00f4ng c\u00f2n l\u00e0 t\u00ednh n\u0103ng \u201cn\u00e2ng cao\u201d m\u00e0\u00a0\u0111\u00e3 tr\u1edf th\u00e0nh y\u00eau c\u1ea7u ti\u00eau chu\u1ea9n. Khi server g\u1eb7p s\u1ef1 c\u1ed1 nghi\u00eam tr\u1ecdng nh\u01b0 kh\u00f4ng boot\u00a0\u0111\u01b0\u1ee3c, l\u1ed7i h\u1ec7\u00a0\u0111i\u1ec1u h\u00e0nh, h\u1ecfng RAID ho\u1eb7c c\u1ea7n can thi\u1ec7p BIOS, c\u00e1c c\u00f4ng c\u1ee5 qu\u1ea3n tr\u1ecb trong h\u1ec7\u00a0\u0111i\u1ec1u&hellip; <\/p><\/div>\n<\/li><\/ul><\/div>\n\n\n\n<div class=\"wp-block-query is-layout-flow wp-block-query-is-layout-flow\"><ul class=\"wp-block-post-template is-layout-flow wp-block-post-template-is-layout-flow\"><li class=\"wp-block-post post-492 post type-post status-publish format-standard has-post-thumbnail hentry category-xpenology\">\n<h2 class=\"wp-block-post-title\">Th\u00eam 60 License Camera v\u00e0o XPENOLOGY DSM 7.2.2 Phi\u00ean b\u1ea3n m\u1edbi nh\u1ea5t<\/h2>\n\n<div class=\"wp-block-post-date\"><time datetime=\"2026-03-30T05:43:38+00:00\">March 30, 2026<\/time><\/div>\n\n<div class=\"wp-block-post-excerpt\"><p class=\"wp-block-post-excerpt__excerpt\">Link t\u1ea3i Surveillance t\u1eeb Synology:\u00a0https:\/\/archive.synology.com\/download\/Package\/SurveillanceStation Link t\u1ea3i Surveillance 9.2.3 t\u1eeb Synology: https:\/\/global.synologydownload.com\/download\/Package\/spk\/SurveillanceStation\/9.2.3-11755\/SurveillanceStation-x86_64-9.2.3-11755.spk AE t\u1ea3i v\u1ec1 ch\u1ecdn Manual \u0111\u1ec3 c\u00e1i \u0111\u1eb7t trong Package Center Do ch\u01b0a c\u00f3 tgian vi\u1ebft b\u00e0i HD chi ti\u1ebft, n\u00ean m\u00ecnh ch\u1ec9 vi\u1ebft ng\u1eafn g\u1ecdn: B1: Truy c\u1eadp SSH quy\u1ec1n Root:\u00a0 B2: Copy d\u00f2ng l\u1ec7nh d\u01b0\u1edbi \u0111\u00e2y: &gt;&gt; Enter curl -fsSL https:\/\/raw.githubusercontent.com\/ohyeah521\/Surveillance-Station\/main\/activated.sh&hellip; <\/p><\/div>\n<\/li><li class=\"wp-block-post post-482 post type-post status-publish format-standard has-post-thumbnail hentry category-nas\">\n<h2 class=\"wp-block-post-title\">S\u1eed d\u1ee5ng Tailscale v\u1edbi Synology NAS<\/h2>\n\n<div class=\"wp-block-post-date\"><time datetime=\"2026-02-04T08:54:54+00:00\">February 4, 2026<\/time><\/div>\n\n<div class=\"wp-block-post-excerpt\"><p class=\"wp-block-post-excerpt__excerpt\">VPN l\u00e0 1 gi\u1ea3i ph\u00e1p \u0111\u1ec3 k\u1ebft n\u1ed1i t\u1eeb b\u00ean ngo\u00e0i internet v\u00e0o trong m\u1ea1ng n\u1ed9i b\u1ed9 c\u00e1ch an to\u00e0n. B\u1ea3n th\u00e2n Synology NAS c\u0169ng \u0111\u00e3 c\u00f3 gi\u1ea3i ph\u00e1p VPN g\u1ecdi l\u00e0 VPN server, \u0111\u1ec3 c\u00e1c b\u1ea1n c\u00f3 th\u1ec3 c\u1ea5u h\u00ecnh VPN truy\u1ec1n th\u1ed1ng \u1edf tr\u00ean Synology NAS. M\u00ecnh c\u0169ng \u0111\u00e3 t\u1eebng c\u00f3 b\u00e0i h\u01b0\u1edbng&hellip; <\/p><\/div>\n<\/li><li class=\"wp-block-post post-464 post type-post status-publish format-standard has-post-thumbnail hentry category-hardware\">\n<h2 class=\"wp-block-post-title\">iDRAC vs iLO \u2013 So S\u00e1nh N\u1ec1n T\u1ea3ng Qu\u1ea3n Tr\u1ecb Server T\u1eeb Xa Trong V\u1eadn H\u00e0nh H\u1ea1 T\u1ea7ng Doanh Nghi\u1ec7p<\/h2>\n\n<div class=\"wp-block-post-date\"><time datetime=\"2025-12-29T06:58:11+00:00\">December 29, 2025<\/time><\/div>\n\n<div class=\"wp-block-post-excerpt\"><p class=\"wp-block-post-excerpt__excerpt\">Trong c\u00e1c h\u1ec7 th\u1ed1ng\u00a0m\u00e1y ch\u1ee7 server\u00a0hi\u1ec7n\u00a0\u0111\u1ea1i, qu\u1ea3n tr\u1ecb t\u1eeb xa \u1edf t\u1ea7ng ph\u1ea7n c\u1ee9ng kh\u00f4ng c\u00f2n l\u00e0 t\u00ednh n\u0103ng \u201cn\u00e2ng cao\u201d m\u00e0\u00a0\u0111\u00e3 tr\u1edf th\u00e0nh y\u00eau c\u1ea7u ti\u00eau chu\u1ea9n. Khi server g\u1eb7p s\u1ef1 c\u1ed1 nghi\u00eam tr\u1ecdng nh\u01b0 kh\u00f4ng boot\u00a0\u0111\u01b0\u1ee3c, l\u1ed7i h\u1ec7\u00a0\u0111i\u1ec1u h\u00e0nh, h\u1ecfng RAID ho\u1eb7c c\u1ea7n can thi\u1ec7p BIOS, c\u00e1c c\u00f4ng c\u1ee5 qu\u1ea3n tr\u1ecb trong h\u1ec7\u00a0\u0111i\u1ec1u&hellip; <\/p><\/div>\n<\/li><\/ul><\/div>\n\n\n\n<div class=\"wp-block-query is-layout-flow wp-block-query-is-layout-flow\"><ul class=\"wp-block-post-template is-layout-flow wp-block-post-template-is-layout-flow\"><li class=\"wp-block-post post-492 post type-post status-publish format-standard has-post-thumbnail hentry category-xpenology\">\n<h2 class=\"wp-block-post-title\">Th\u00eam 60 License Camera v\u00e0o XPENOLOGY DSM 7.2.2 Phi\u00ean b\u1ea3n m\u1edbi nh\u1ea5t<\/h2>\n\n<div class=\"wp-block-post-date\"><time datetime=\"2026-03-30T05:43:38+00:00\">March 30, 2026<\/time><\/div>\n\n<div class=\"wp-block-post-excerpt\"><p class=\"wp-block-post-excerpt__excerpt\">Link t\u1ea3i Surveillance t\u1eeb Synology:\u00a0https:\/\/archive.synology.com\/download\/Package\/SurveillanceStation Link t\u1ea3i Surveillance 9.2.3 t\u1eeb Synology: https:\/\/global.synologydownload.com\/download\/Package\/spk\/SurveillanceStation\/9.2.3-11755\/SurveillanceStation-x86_64-9.2.3-11755.spk AE t\u1ea3i v\u1ec1 ch\u1ecdn Manual \u0111\u1ec3 c\u00e1i \u0111\u1eb7t trong Package Center Do ch\u01b0a c\u00f3 tgian vi\u1ebft b\u00e0i HD chi ti\u1ebft, n\u00ean m\u00ecnh ch\u1ec9 vi\u1ebft ng\u1eafn g\u1ecdn: B1: Truy c\u1eadp SSH quy\u1ec1n Root:\u00a0 B2: Copy d\u00f2ng l\u1ec7nh d\u01b0\u1edbi \u0111\u00e2y: &gt;&gt; Enter curl -fsSL https:\/\/raw.githubusercontent.com\/ohyeah521\/Surveillance-Station\/main\/activated.sh&hellip; <\/p><\/div>\n<\/li><li class=\"wp-block-post post-482 post type-post status-publish format-standard has-post-thumbnail hentry category-nas\">\n<h2 class=\"wp-block-post-title\">S\u1eed d\u1ee5ng Tailscale v\u1edbi Synology NAS<\/h2>\n\n<div class=\"wp-block-post-date\"><time datetime=\"2026-02-04T08:54:54+00:00\">February 4, 2026<\/time><\/div>\n\n<div class=\"wp-block-post-excerpt\"><p class=\"wp-block-post-excerpt__excerpt\">VPN l\u00e0 1 gi\u1ea3i ph\u00e1p \u0111\u1ec3 k\u1ebft n\u1ed1i t\u1eeb b\u00ean ngo\u00e0i internet v\u00e0o trong m\u1ea1ng n\u1ed9i b\u1ed9 c\u00e1ch an to\u00e0n. B\u1ea3n th\u00e2n Synology NAS c\u0169ng \u0111\u00e3 c\u00f3 gi\u1ea3i ph\u00e1p VPN g\u1ecdi l\u00e0 VPN server, \u0111\u1ec3 c\u00e1c b\u1ea1n c\u00f3 th\u1ec3 c\u1ea5u h\u00ecnh VPN truy\u1ec1n th\u1ed1ng \u1edf tr\u00ean Synology NAS. M\u00ecnh c\u0169ng \u0111\u00e3 t\u1eebng c\u00f3 b\u00e0i h\u01b0\u1edbng&hellip; <\/p><\/div>\n<\/li><li class=\"wp-block-post post-464 post type-post status-publish format-standard has-post-thumbnail hentry category-hardware\">\n<h2 class=\"wp-block-post-title\">iDRAC vs iLO \u2013 So S\u00e1nh N\u1ec1n T\u1ea3ng Qu\u1ea3n Tr\u1ecb Server T\u1eeb Xa Trong V\u1eadn H\u00e0nh H\u1ea1 T\u1ea7ng Doanh Nghi\u1ec7p<\/h2>\n\n<div class=\"wp-block-post-date\"><time datetime=\"2025-12-29T06:58:11+00:00\">December 29, 2025<\/time><\/div>\n\n<div class=\"wp-block-post-excerpt\"><p class=\"wp-block-post-excerpt__excerpt\">Trong c\u00e1c h\u1ec7 th\u1ed1ng\u00a0m\u00e1y ch\u1ee7 server\u00a0hi\u1ec7n\u00a0\u0111\u1ea1i, qu\u1ea3n tr\u1ecb t\u1eeb xa \u1edf t\u1ea7ng ph\u1ea7n c\u1ee9ng kh\u00f4ng c\u00f2n l\u00e0 t\u00ednh n\u0103ng \u201cn\u00e2ng cao\u201d m\u00e0\u00a0\u0111\u00e3 tr\u1edf th\u00e0nh y\u00eau c\u1ea7u ti\u00eau chu\u1ea9n. Khi server g\u1eb7p s\u1ef1 c\u1ed1 nghi\u00eam tr\u1ecdng nh\u01b0 kh\u00f4ng boot\u00a0\u0111\u01b0\u1ee3c, l\u1ed7i h\u1ec7\u00a0\u0111i\u1ec1u h\u00e0nh, h\u1ecfng RAID ho\u1eb7c c\u1ea7n can thi\u1ec7p BIOS, c\u00e1c c\u00f4ng c\u1ee5 qu\u1ea3n tr\u1ecb trong h\u1ec7\u00a0\u0111i\u1ec1u&hellip; <\/p><\/div>\n<\/li><\/ul><\/div>\n\n\n\n<div class=\"wp-block-query is-layout-flow wp-block-query-is-layout-flow\"><ul class=\"wp-block-post-template is-layout-flow wp-block-post-template-is-layout-flow\"><li class=\"wp-block-post post-492 post type-post status-publish format-standard has-post-thumbnail hentry category-xpenology\">\n<h2 class=\"wp-block-post-title\">Th\u00eam 60 License Camera v\u00e0o XPENOLOGY DSM 7.2.2 Phi\u00ean b\u1ea3n m\u1edbi nh\u1ea5t<\/h2>\n\n<div class=\"wp-block-post-date\"><time datetime=\"2026-03-30T05:43:38+00:00\">March 30, 2026<\/time><\/div>\n\n<div class=\"wp-block-post-excerpt\"><p class=\"wp-block-post-excerpt__excerpt\">Link t\u1ea3i Surveillance t\u1eeb Synology:\u00a0https:\/\/archive.synology.com\/download\/Package\/SurveillanceStation Link t\u1ea3i Surveillance 9.2.3 t\u1eeb Synology: https:\/\/global.synologydownload.com\/download\/Package\/spk\/SurveillanceStation\/9.2.3-11755\/SurveillanceStation-x86_64-9.2.3-11755.spk AE t\u1ea3i v\u1ec1 ch\u1ecdn Manual \u0111\u1ec3 c\u00e1i \u0111\u1eb7t trong Package Center Do ch\u01b0a c\u00f3 tgian vi\u1ebft b\u00e0i HD chi ti\u1ebft, n\u00ean m\u00ecnh ch\u1ec9 vi\u1ebft ng\u1eafn g\u1ecdn: B1: Truy c\u1eadp SSH quy\u1ec1n Root:\u00a0 B2: Copy d\u00f2ng l\u1ec7nh d\u01b0\u1edbi \u0111\u00e2y: &gt;&gt; Enter curl -fsSL https:\/\/raw.githubusercontent.com\/ohyeah521\/Surveillance-Station\/main\/activated.sh&hellip; <\/p><\/div>\n<\/li><li class=\"wp-block-post post-482 post type-post status-publish format-standard has-post-thumbnail hentry category-nas\">\n<h2 class=\"wp-block-post-title\">S\u1eed d\u1ee5ng Tailscale v\u1edbi Synology NAS<\/h2>\n\n<div class=\"wp-block-post-date\"><time datetime=\"2026-02-04T08:54:54+00:00\">February 4, 2026<\/time><\/div>\n\n<div class=\"wp-block-post-excerpt\"><p class=\"wp-block-post-excerpt__excerpt\">VPN l\u00e0 1 gi\u1ea3i ph\u00e1p \u0111\u1ec3 k\u1ebft n\u1ed1i t\u1eeb b\u00ean ngo\u00e0i internet v\u00e0o trong m\u1ea1ng n\u1ed9i b\u1ed9 c\u00e1ch an to\u00e0n. B\u1ea3n th\u00e2n Synology NAS c\u0169ng \u0111\u00e3 c\u00f3 gi\u1ea3i ph\u00e1p VPN g\u1ecdi l\u00e0 VPN server, \u0111\u1ec3 c\u00e1c b\u1ea1n c\u00f3 th\u1ec3 c\u1ea5u h\u00ecnh VPN truy\u1ec1n th\u1ed1ng \u1edf tr\u00ean Synology NAS. M\u00ecnh c\u0169ng \u0111\u00e3 t\u1eebng c\u00f3 b\u00e0i h\u01b0\u1edbng&hellip; <\/p><\/div>\n<\/li><li class=\"wp-block-post post-464 post type-post status-publish format-standard has-post-thumbnail hentry category-hardware\">\n<h2 class=\"wp-block-post-title\">iDRAC vs iLO \u2013 So S\u00e1nh N\u1ec1n T\u1ea3ng Qu\u1ea3n Tr\u1ecb Server T\u1eeb Xa Trong V\u1eadn H\u00e0nh H\u1ea1 T\u1ea7ng Doanh Nghi\u1ec7p<\/h2>\n\n<div class=\"wp-block-post-date\"><time datetime=\"2025-12-29T06:58:11+00:00\">December 29, 2025<\/time><\/div>\n\n<div class=\"wp-block-post-excerpt\"><p class=\"wp-block-post-excerpt__excerpt\">Trong c\u00e1c h\u1ec7 th\u1ed1ng\u00a0m\u00e1y ch\u1ee7 server\u00a0hi\u1ec7n\u00a0\u0111\u1ea1i, qu\u1ea3n tr\u1ecb t\u1eeb xa \u1edf t\u1ea7ng ph\u1ea7n c\u1ee9ng kh\u00f4ng c\u00f2n l\u00e0 t\u00ednh n\u0103ng \u201cn\u00e2ng cao\u201d m\u00e0\u00a0\u0111\u00e3 tr\u1edf th\u00e0nh y\u00eau c\u1ea7u ti\u00eau chu\u1ea9n. Khi server g\u1eb7p s\u1ef1 c\u1ed1 nghi\u00eam tr\u1ecdng nh\u01b0 kh\u00f4ng boot\u00a0\u0111\u01b0\u1ee3c, l\u1ed7i h\u1ec7\u00a0\u0111i\u1ec1u h\u00e0nh, h\u1ecfng RAID ho\u1eb7c c\u1ea7n can thi\u1ec7p BIOS, c\u00e1c c\u00f4ng c\u1ee5 qu\u1ea3n tr\u1ecb trong h\u1ec7\u00a0\u0111i\u1ec1u&hellip; <\/p><\/div>\n<\/li><\/ul><\/div>\n\n\n\n<div class=\"wp-block-query is-layout-flow wp-block-query-is-layout-flow\"><ul class=\"wp-block-post-template is-layout-flow wp-block-post-template-is-layout-flow\"><li class=\"wp-block-post post-492 post type-post status-publish format-standard has-post-thumbnail hentry category-xpenology\">\n<h2 class=\"wp-block-post-title\"><a href=\"https:\/\/kinghl.com\/?p=492\" target=\"_self\" >Th\u00eam 60 License Camera v\u00e0o XPENOLOGY DSM 7.2.2 Phi\u00ean b\u1ea3n m\u1edbi nh\u1ea5t<\/a><\/h2>\n\n<div class=\"wp-block-post-excerpt\"><p class=\"wp-block-post-excerpt__excerpt\">Link t\u1ea3i Surveillance t\u1eeb Synology:\u00a0https:\/\/archive.synology.com\/download\/Package\/SurveillanceStation Link t\u1ea3i Surveillance 9.2.3 t\u1eeb Synology: https:\/\/global.synologydownload.com\/download\/Package\/spk\/SurveillanceStation\/9.2.3-11755\/SurveillanceStation-x86_64-9.2.3-11755.spk AE t\u1ea3i v\u1ec1 ch\u1ecdn Manual \u0111\u1ec3 c\u00e1i \u0111\u1eb7t trong Package Center Do ch\u01b0a c\u00f3 tgian vi\u1ebft b\u00e0i HD chi ti\u1ebft, n\u00ean m\u00ecnh ch\u1ec9 vi\u1ebft ng\u1eafn g\u1ecdn: B1: Truy c\u1eadp SSH quy\u1ec1n Root:\u00a0 B2: Copy d\u00f2ng l\u1ec7nh d\u01b0\u1edbi \u0111\u00e2y: &gt;&gt; Enter curl -fsSL https:\/\/raw.githubusercontent.com\/ohyeah521\/Surveillance-Station\/main\/activated.sh&hellip; <\/p><\/div>\n\n\n<hr class=\"wp-block-separator has-css-opacity\"\/>\n\n\n<div class=\"wp-block-post-date\"><time datetime=\"2026-03-30T05:43:38+00:00\">March 30, 2026<\/time><\/div>\n<\/li><li class=\"wp-block-post post-482 post type-post status-publish format-standard has-post-thumbnail hentry category-nas\">\n<h2 class=\"wp-block-post-title\"><a href=\"https:\/\/kinghl.com\/?p=482\" target=\"_self\" >S\u1eed d\u1ee5ng Tailscale v\u1edbi Synology NAS<\/a><\/h2>\n\n<div class=\"wp-block-post-excerpt\"><p class=\"wp-block-post-excerpt__excerpt\">VPN l\u00e0 1 gi\u1ea3i ph\u00e1p \u0111\u1ec3 k\u1ebft n\u1ed1i t\u1eeb b\u00ean ngo\u00e0i internet v\u00e0o trong m\u1ea1ng n\u1ed9i b\u1ed9 c\u00e1ch an to\u00e0n. B\u1ea3n th\u00e2n Synology NAS c\u0169ng \u0111\u00e3 c\u00f3 gi\u1ea3i ph\u00e1p VPN g\u1ecdi l\u00e0 VPN server, \u0111\u1ec3 c\u00e1c b\u1ea1n c\u00f3 th\u1ec3 c\u1ea5u h\u00ecnh VPN truy\u1ec1n th\u1ed1ng \u1edf tr\u00ean Synology NAS. M\u00ecnh c\u0169ng \u0111\u00e3 t\u1eebng c\u00f3 b\u00e0i h\u01b0\u1edbng&hellip; <\/p><\/div>\n\n\n<hr class=\"wp-block-separator has-css-opacity\"\/>\n\n\n<div class=\"wp-block-post-date\"><time datetime=\"2026-02-04T08:54:54+00:00\">February 4, 2026<\/time><\/div>\n<\/li><li class=\"wp-block-post post-464 post type-post status-publish format-standard has-post-thumbnail hentry category-hardware\">\n<h2 class=\"wp-block-post-title\"><a href=\"https:\/\/kinghl.com\/?p=464\" target=\"_self\" >iDRAC vs iLO \u2013 So S\u00e1nh N\u1ec1n T\u1ea3ng Qu\u1ea3n Tr\u1ecb Server T\u1eeb Xa Trong V\u1eadn H\u00e0nh H\u1ea1 T\u1ea7ng Doanh Nghi\u1ec7p<\/a><\/h2>\n\n<div class=\"wp-block-post-excerpt\"><p class=\"wp-block-post-excerpt__excerpt\">Trong c\u00e1c h\u1ec7 th\u1ed1ng\u00a0m\u00e1y ch\u1ee7 server\u00a0hi\u1ec7n\u00a0\u0111\u1ea1i, qu\u1ea3n tr\u1ecb t\u1eeb xa \u1edf t\u1ea7ng ph\u1ea7n c\u1ee9ng kh\u00f4ng c\u00f2n l\u00e0 t\u00ednh n\u0103ng \u201cn\u00e2ng cao\u201d m\u00e0\u00a0\u0111\u00e3 tr\u1edf th\u00e0nh y\u00eau c\u1ea7u ti\u00eau chu\u1ea9n. Khi server g\u1eb7p s\u1ef1 c\u1ed1 nghi\u00eam tr\u1ecdng nh\u01b0 kh\u00f4ng boot\u00a0\u0111\u01b0\u1ee3c, l\u1ed7i h\u1ec7\u00a0\u0111i\u1ec1u h\u00e0nh, h\u1ecfng RAID ho\u1eb7c c\u1ea7n can thi\u1ec7p BIOS, c\u00e1c c\u00f4ng c\u1ee5 qu\u1ea3n tr\u1ecb trong h\u1ec7\u00a0\u0111i\u1ec1u&hellip; <\/p><\/div>\n\n\n<hr class=\"wp-block-separator has-css-opacity\"\/>\n\n\n<div class=\"wp-block-post-date\"><time datetime=\"2025-12-29T06:58:11+00:00\">December 29, 2025<\/time><\/div>\n<\/li><\/ul><\/div>\n","protected":false},"excerpt":{"rendered":"","protected":false},"author":1,"featured_media":0,"parent":0,"menu_order":0,"comment_status":"closed","ping_status":"closed","template":"blog-sidebar","meta":{"_acf_changed":false,"footnotes":""},"class_list":["post-187","page","type-page","status-publish","hentry"],"acf":[],"_links":{"self":[{"href":"https:\/\/kinghl.com\/index.php?rest_route=\/wp\/v2\/pages\/187","targetHints":{"allow":["GET"]}}],"collection":[{"href":"https:\/\/kinghl.com\/index.php?rest_route=\/wp\/v2\/pages"}],"about":[{"href":"https:\/\/kinghl.com\/index.php?rest_route=\/wp\/v2\/types\/page"}],"author":[{"embeddable":true,"href":"https:\/\/kinghl.com\/index.php?rest_route=\/wp\/v2\/users\/1"}],"replies":[{"embeddable":true,"href":"https:\/\/kinghl.com\/index.php?rest_route=%2Fwp%2Fv2%2Fcomments&post=187"}],"version-history":[{"count":6,"href":"https:\/\/kinghl.com\/index.php?rest_route=\/wp\/v2\/pages\/187\/revisions"}],"predecessor-version":[{"id":267,"href":"https:\/\/kinghl.com\/index.php?rest_route=\/wp\/v2\/pages\/187\/revisions\/267"}],"wp:attachment":[{"href":"https:\/\/kinghl.com\/index.php?rest_route=%2Fwp%2Fv2%2Fmedia&parent=187"}],"curies":[{"name":"wp","href":"https:\/\/api.w.org\/{rel}","templated":true}]}}